-5
Suppose -3458 + 3473 = 3*d. Let h(a) = -5*a + 11. Calculate h(d).
-14
Suppose 0 = -7*u - 17 + 10. Let l(i) = 23*i**3 - 2*i**2 - i. Determine l(u).
-24
Let q(g) = 4*g + 12. Let u(c) = 6*c + 6. Let x(z) = -5*z - 5. Let w(t) = -4*u(t) - 5*x(t). Let l(y) = -q(y) + 6*w(y). Calculate l(5).
4
Suppose k = 5*b - 26, 5*b - 4*k = -2*k + 22. Let z(m) = m**3 - 5*m**2 - 6*m - 3. Give z(b).
-3
Let k = -5 + 3. Let n(o) = -2*o**3 + 13*o**2 + 6*o - 2. Let b(t) = -2*t**3 + 18*t**2 + 8*t - 3. Let g(j) = -3*b(j) + 4*n(j). Give g(k).
9
Let v = -9 + 12. Let a(b) = -13*b - 3 + 0 - 12*b + 24*b. Give a(v).
-6
Let w(l) = -15*l - 3*l**3 - 13*l**2 + 10 + 4*l**3 - 15 + 8 + 2. Give w(14).
-9
Let r(x) be the third derivative of 0 + 1/60*x**5 + x**2 + 0*x + 1/2*x**3 - 5/24*x**4. Let s(i) = 2*i**2 - 18*i + 19. Let b be s(1). What is r(b)?
-3
Suppose -5*h + 33 + 5 = -3*s, -4*h = 2*s - 4. Let g(u) be the first derivative of -5*u + 6 + 1/2*u**2. Determine g(s).
-11
Let f(k) be the first derivative of k**2/2 - 9*k + 43. Let m(r) = r**3 + 2*r**2 - 1. Let o be m(-1). What is f(o)?
-9
Let g(i) be the first derivative of -i**2 - 4*i - 3. Let x(w) = 1. Let o(q) = g(q) - 3*x(q). Calculate o(-6).
5
Let o(j) = 9*j**3 - j. Let c = -6 + 7. Let w be (0 + c)*(-7 - -7). Suppose w = -2*v + 6*v + 4. Determine o(v).
-8
Suppose 2*b + 6 + 0 = 0. Suppose -33*f = -36*f + 6. Let z(x) = x**3 - 20 + 2*x**f + 2*x**2 + 3*x + 17. Determine z(b).
-3
Let w = 48 - 43. Let l(m) = 1 - 3*m - w + 179*m**3 - 3*m**2 - 177*m**3. Calculate l(3).
14
Let z(l) = l + 17. Let o be z(-14). Suppose 0 = -w + o + 1. Let x(t) = -17 + 17 + t. Calculate x(w).
4
Let h(d) be the third derivative of 0 - 1/2*d**3 - 1/60*d**5 + 1/4*d**4 + 0*d - d**2. Let r = -175 - -180. Calculate h(r).
2
Suppose 0*d = 5*d - 10. Suppose d*q = 3*q - 5. Let p(n) = n - 3. Let v be p(q). Let g(s) = -s**3 - s + 1. Give g(v).
-9
Let f(s) = -s + 8. Let p = 240 - 231. What is f(p)?
-1
Let y = 1279 - 1257. Let x(h) = -h**3 + 23*h**2 - 21*h - 25. What is x(y)?
-3
Let m(k) = 14*k**2 + 37*k - 23. Let h(l) = -8*l**2 - 18*l + 11. Let u(i) = 5*h(i) + 3*m(i). Calculate u(-11).
-3
Suppose -9 = 2*k + k. Let u be k/(6/10)*1. Let g(s) = 3*s + 7. Let l(d) = -4*d - 11. Let z(v) = u*l(v) - 8*g(v). Give z(-3).
11
Let t(h) = h**3 + 14*h**2 + 15*h + 14. Let r(z) = 1. Let v(l) = -r(l) + t(l). Give v(-13).
-13
Let g(s) = -5 + 836*s + s**3 - 10*s**2 - 845*s - 5 - 4. Determine g(11).
8
Let c(k) = k**3 - 3*k**2 - 4*k - 2. Let x(a) = -a + 8. Suppose 4*i - 3*i + 16 = 4*n, 0 = -2*n - 4*i + 8. Let y be x(n). What is c(y)?
-2
Let x(t) be the third derivative of t**4/4 + t**3/3 + 17*t**2 + t. Determine x(-2).
-10
Let n be ((-4)/(-10))/(22/(-20) + 1). Let j(u) = 5*u**3 + 2*u**2 - u - 5. Let p(b) = -9*b**3 - 4*b**2 + 3*b + 9. Let f(s) = -7*j(s) - 4*p(s). Give f(n).
-13
Let j(s) = s**3 - 2*s**2 + s - 4. Suppose -11*k - 3 = -12*k. Suppose -4*p = k*v - 6 + 3, v - 9 = -4*p. Determine j(p).
8
Let n(p) be the second derivative of -p**5/20 + p**4/2 - 5*p**3/6 - 2*p**2 - p. Let v(g) = 663*g + 1994. Let k be v(-3). Calculate n(k).
-4
Let m be (-160)/(-15) - (-2)/(-3). Let o(c) = -2*c + m*c - 9*c + 9 + 0*c. Calculate o(9).
0
Let g(i) = i**3 + 3*i**2 - 2*i - 4. Let b be g(-3). Let z = 343 + -339. Suppose -b*j = z*j. Let t(o) = -o**3 - o**2 - 10. Determine t(j).
-10
Let b(z) = -3*z**3 + 5*z**2 + 5*z + 2. Let s = 0 - 0. Suppose s*j + 2*j + 4 = 0. Let q(m) = 4*m**3 - 6*m**2 - 6*m - 3. Let h(g) = j*q(g) - 3*b(g). Give h(4).
4
Let a(d) = -12 + 5*d**2 + 9*d - 8*d**2 + 2*d**2 - 17*d. Determine a(-5).
3
Let s(g) = 0*g**2 + g**3 + 10*g - 3*g**2 - 14*g - 8 + 11*g**2. Determine s(-8).
24
Suppose -3*z + 68 - 65 = 0. Let p(k) be the first derivative of 4*k + z - 1/3*k**3 - 1/2*k**2. Determine p(3).
-8
Suppose -3*f - 39 = -3*b, 2*b = 2*f + 4*b + 6. Let n(x) = -x**2 - 8*x - 5. What is n(f)?
-5
Let b(g) be the first derivative of -g**4/4 - 5*g**3/3 - 3*g**2 - 7*g + 100. Determine b(-5).
23
Let r = 3 - -3. Let j = r - 2. Suppose 25 = -y - j*y. Let f(q) = -q + 4. Calculate f(y).
9
Suppose 29*j - 53*j = 168. Suppose -3*k - 5*p = -3*p - 30, -k + 3*p + 21 = 0. Let q(t) = 2*t - 3 - t + k. Give q(j).
2
Let x(t) = t**3 - 6 - 711*t**2 + 705*t**2 + 4*t - 5*t + 2. What is x(6)?
-10
Let r(q) = -q**2 - 2*q**2 + 3 + 6*q + 2*q**2 - 4. Calculate r(8).
-17
Let b(d) = -d - 3. Let s be b(-7). Let t(r) = r**2 - 9*r + 15. Let n be t(7). Suppose -3*o + s*o = -w, -n = w. Let z(h) = 7*h**2 - 1. Give z(o).
6
Let r(t) = -2*t + t + 0*t + 6 + 4. Let x be r(5). Suppose -4*i + 5*n + 17 = 0, i - n - x = n. Let c(p) = -p**2 + 2*p + 1. Calculate c(i).
-2
Let m = -32 - -37. Suppose m*g - 33 = 4*t, 2*t + g + 13 = -0*t. Let l(h) = -h**3 - 8*h**2 - 4*h + 8. Calculate l(t).
-13
Let h(k) = -11*k**2 + 16*k - 8. Let t(w) = 5*w**2 - 8*w + 3. Let v(c) = 4*h(c) + 9*t(c). Determine v(8).
-5
Let f(b) = 3*b**2 - 8*b + 5. Let q(x) be the second derivative of x**3/6 - x**2/2 - 2*x. Suppose -19 = 3*n - 22. Let v(p) = n*f(p) + 6*q(p). Determine v(-1).
4
Let i = -7 + -2. Let j = i - -10. Let u(h) = -2*h**3 - h**2. Let x be u(j). Let d(r) = -r**2 + 2. Calculate d(x).
-7
Let d(b) = 2*b + 3. Let l = 211 + -211. Determine d(l).
3
Let d(i) = 8*i + 19. Let c(k) = 17*k + 40. Let w(m) = -6*c(m) + 13*d(m). What is w(-5)?
-3
Let b(a) = a**3 - 3*a**2 - 4*a + 3. Let p(n) = n + 4. Let j = -64 + 46. Let q be (-4)/j + 14/(-63). Let r be p(q). Calculate b(r).
3
Let a(x) = 7*x + 5. Let n(u) = 3*u + 2. Suppose 5*i + 5*z - 2 = 8, 0 = -2*i + 5*z - 24. Let v(b) = i*a(b) + 5*n(b). Let c = 1 + -4. Determine v(c).
-3
Suppose 4*b + 5*j = -66, 67 = -5*b - 3*j - 9. Let i(g) = -g**3 - 13*g**2 + 14*g + 3. Determine i(b).
3
Let h(j) = -6. Let y(n) = n + 12. Let i(z) = 7*h(z) + 3*y(z). Suppose 3*u - 5 = -5*x, x + 2*u - 7*u = 29. Give i(x).
6
Let c(l) = l**3 - 16*l**2 + 30*l - 25. Let q be c(14). Let j(r) = -4*r**2 + 4*r + 1. What is j(q)?
-23
Let n(r) = -r**3 - 5*r**2 - 4*r - 4. Let m(h) = 2*h + 40 - h - 26. Let a be m(-18). Calculate n(a).
-4
Let x be (0 + -2)/((-16)/24). Suppose 4 = 3*i - 11, -x*w + 32 = 4*i. Let h(t) = 1 + 0 - w*t - t**2 - t. Calculate h(-5).
1
Suppose -2*x - 5*k - 84 = -3*k, -k = 3. Let j = 46 + x. Let f(i) = i**3 - 6*i**2 - 7*i - 7. What is f(j)?
-7
Suppose g + w = 0, 2*g - g - 2*w = -3. Let c(i) = 4*i**3 + 2*i**2 + 4*i + 3. Let q(z) = -z**3 + z**2 + z + 1. Let u(d) = c(d) - 2*q(d). Calculate u(g).
-7
Let i be 2/(-7) - (-5)/(-7) - -6. Let q(m) = 4*m - 1 - 5*m + 7. What is q(i)?
1
Let x(m) = -m**2 + 4*m + 3. Suppose 125 = 3*s + 116. What is x(s)?
6
Let x(d) = 11*d**2 + 5*d. Let o be 11 + (-14 - (-24)/12). Give x(o).
6
Let t(z) = -z**3 + 16*z**2 - 29*z + 18. Let c be t(14). Let n(j) = 2*j**2 - 2*j - c - 14 + 14. Give n(3).
8
Let l(u) be the second derivative of 3*u**2/2 + 14*u. Let c(v) = v + 1. Let p be -2 + 0 + -2 + 3. Let m(z) = p*l(z) + c(z). Give m(2).
0
Let u(t) = -10 - 69*t**2 + 5*t + 28*t**2 + 22*t**2 + 18*t**2 + 0*t. What is u(4)?
-6
Let m(f) = -f**2 + f. Let s be m(0). Let x(b) = s - 3*b + 5 - 3*b + 5*b. Suppose 6*q = 3*q. What is x(q)?
5
Let m(y) be the first derivative of y**4/2 - 4*y**3/3 - 3*y**2/2 + 7*y + 69. What is m(3)?
16
Let m(v) be the third derivative of v**6/120 - v**5/10 - v**4/12 + 3*v**3/2 - 4*v**2 - 6*v. Calculate m(6).
-3
Let x = 23 + -36. Let l = 12 + x. Let a(d) be the first derivative of 3*d**2/2 + d + 1. Give a(l).
-2
Let j(a) = -3*a**2 + 3*a + 2*a**2 - 2*a. Let y be (-10 - -9)/(1/110). Let v be 20/y + (-9)/11. What is j(v)?
-2
Let b(w) = w - 4. Suppose 2*c + 0 = 4*l + 2, -5*c - 5*l - 25 = 0. Give b(c).
-7
Let t be (-1)/(((-8)/14)/4). Let u(w) be the third derivative of -2/15*w**5 - 15*w**2 + 2/3*w**3 + 0*w + 0 + 1/120*w**6 + 7/24*w**4. What is u(t)?
4
Let h(d) be the third derivative of -d**9/15120 - d**8/20160 - d**7/2520 - d**6/720 - 7*d**5/12 - 6*d**2. Let t(w) be the third derivative of h(w). Give t(-1).
4
Let a = -267 - -269. Let t(c) = -2*c + 1. What is t(a)?
-3
Let v(h) = -h - 4. Suppose 286 = 12*z + 490. Determine v(z).
13
Let i be (-1 - -5)*15/(-20). Let w(v) = -5*v**2 + 14*v + 2. Let j(r) = 7 - 4*r - r - 8 + 2*r**2. Let u(n) = 8*j(n) + 3*w(n). Give u(i).
1
Let y(j) = -19*j + 1 - 10*j - 20*j + 59*j - 9*j. What is y(-1)?
0
Suppose 0 = 4*v + 2 - 14. Let u(a) = -15*a**2 - a + 9. Let c(k) = -13*k**2 - k + 8. Let f(m) = -7*c(m) + 6*